5. Suppose w = 4*v - 15. Suppose d + 3*d + v = -2*r, 5*r + 4*d + 6 = 0. Calculate the greatest common divisor of r and 22.
2
Let w(u) = u**2 + 27*u - 14. Let y be w(9). What is the highest common divisor of 186 and y?
62
Suppose 3*w = -4*u - 0*u + 436, 0 = -5*w - u + 704. Let g = w + -85. Calculate the highest common factor of 11 and g.
11
Suppose -1692 = 6*i - 9*i. Calculate the greatest common divisor of i and 24.
12
Let x = -63 - -95. Suppose 5*d - 1271 = 3*o, -282 = -5*d - 2*o + 1004. What is the highest common divisor of d and x?
32
Suppose 0 = 16*i + 17*i - 957. What is the highest common factor of i and 1972?
29
Suppose -29*z = -24*z - 675. What is the greatest common factor of z and 180?
45
Let h(y) = 2*y**2 + 2*y + 4. Let j be h(-1). Let n = -10 + 10. Suppose n = -3*p + p + 40. What is the highest common factor of p and j?
4
Let c = 27 + -24. Suppose -11 + 2 = -c*r. Suppose 3*a + r*l - 23 = 25, 0 = 4*a + 5*l - 68. What is the highest common divisor of 12 and a?
12
Let t = 10 - -6. Let a be (14 - 4)*(4 - (-16)/(-5)). What is the highest common factor of a and t?
8
Suppose -1039 = -9*t + 401. Calculate the highest common divisor of t and 180.
20
Suppose 0 = -3*p + z + 113 + 13, z = 0. Calculate the greatest common divisor of 350 and p.
14
Let m = -239 + 259. What is the highest common factor of m and 1060?
20
Suppose c = 4*c + 2*d - 66, 0 = 2*c - d - 44. Let x be (-1)/7 + (-780)/(-21). Let p = x - c. Calculate the highest common factor of 75 and p.
15
Let k = -510 - -521. Let y(c) = c**3 - 2*c**2 - 7*c + 4. Let o be y(5). What is the greatest common factor of o and k?
11
Let a be 7 + (-3)/(1 - -2). What is the highest common factor of 3 and a?
3
Suppose -4*w = -5*x + 306 + 189, -4*x = 2*w + 280. Let q be (-48)/(-10)*w/(-39). What is the highest common factor of 40 and q?
8
Let z be (6/(-8))/((-3)/(-96)). Let v be 0/1 + (z - 1). Let j = v + 38. Calculate the highest common divisor of j and 52.
13
Suppose 29*c - 171 = 1337. Calculate the greatest common factor of c and 130.
26
Let a(y) = y + 5. Let p be a(-2). Suppose 0 = -w + 3*c + 118, -5*c = -p*c + 2. What is the greatest common divisor of 46 and w?
23
Let j(h) = 124*h - 5 - 13 - 28*h - 3. Let k be j(2). Calculate the highest common factor of 9 and k.
9
Let r(a) = -2*a - 2. Let c be r(-3). Let v be (2 - c)*2/(-4). Let z = -784 + 786. Calculate the greatest common factor of v and z.
1
Let v = 37 + 25. Calculate the highest common factor of 558 and v.
62
Let m = -350 + 420. Calculate the greatest common factor of m and 315.
35
Suppose 0 = 3*d + d - 228. Let p = 37 + 77. Suppose c - p = -2*c. Calculate the greatest common divisor of d and c.
19
Let o be -4 + (-1016)/20 + 1/(-5). Let l = 79 + o. Calculate the greatest common factor of l and 32.
8
Let s = 171 - 143. Calculate the greatest common factor of 112 and s.
28
Suppose 0*q - 5*q - 50 = 0. Let j be (q/20)/(2/(-96)). Let k = j + -10. What is the highest common divisor of 98 and k?
14
Suppose -34 = -2*g - o, 3*g - 7 = 4*o + 33. Let j be -10 - (-1 + -13) - (-253 - -1). Calculate the highest common divisor of j and g.
16
Let v = -332 - -451. What is the greatest common divisor of 17 and v?
17
Let z = 1 - 12. Let p = 16 + z. Let g(y) = 46*y**3 - y**2 - 4*y + 4. Let x be g(1). What is the greatest common factor of x and p?
5
Suppose 4*s = 5*v + 155, -163 = -5*s + 2*v - 6*v. Calculate the greatest common divisor of s and 70.
35
Let b = 457 - 427. What is the greatest common factor of b and 120?
30
Suppose 5*c = s + 13, 3*c - 4*s - 14 = 4. Suppose n = -5*l + 2*n + 320, -c*l - 3*n + 111 = 0. What is the highest common divisor of 9 and l?
9
Suppose 4*b + 0*b - 5*v - 352 = 0, 0 = b + 2*v - 88. Calculate the highest common factor of b and 33.
11
Let g = -959 - -1051. What is the greatest common factor of g and 1012?
92
Let n = 267 - 197. Let c = -20 + 30. Calculate the highest common divisor of c and n.
10
Let k be 24 + -25 + (-106)/(-2). What is the greatest common factor of k and 91?
13
Let z(w) = 15*w - 47. Let f be z(5). Let q = f + 20. What is the highest common factor of 12 and q?
12
Suppose 12 = 2*t + 4*o, 2*t + 9 = t + 3*o. Let w = t - -13. Suppose -5*y - 256 = -711. Calculate the highest common divisor of w and y.
13
Let n(r) = -11*r + 106. Let p be n(9). Calculate the highest common divisor of p and 8.
1
Suppose f + 41 = l, 4*l - 196 = -l - 4*f. Calculate the greatest common divisor of 140 and l.
20
Suppose -3417 + 3293 = -2*t. What is the greatest common divisor of 6 and t?
2
Suppose 5*y = 8 - 78. Let c be (210/y)/(1/4 + -1). What is the greatest common factor of 8 and c?
4
Let b = 207 - 151. Calculate the highest common divisor of b and 32.
8
Suppose 5*v - 2697 = -1017. What is the greatest common divisor of 96 and v?
48
Let u(p) = p**2 - 3*p + 4. Let v be (3 - -1)*(-6)/4. Let o = v - -9. Let h be u(o). Calculate the greatest common factor of 32 and h.
4
Let u(k) = -72*k - 147. Let s be u(-3). What is the highest common factor of s and 253?
23
Let k = 101 + -99. Suppose 3*f = 137 - k. What is the greatest common divisor of 45 and f?
45
Let b(w) = -15*w + 367. Let h be b(-22). What is the greatest common factor of h and 41?
41
Let k be (6 - 8)*3/(-2). Suppose 0 = -r + 45 - 0. Suppose -k*a + r = -0*a. What is the highest common divisor of a and 60?
15
Let l(t) = -t**2 + 3*t. Let m be l(-3). Let k be 14/3 - 6/m. Suppose d = 6*d - 200. Calculate the highest common divisor of d and k.
5
Let s(p) = 3*p + 5. Let g be s(-7). Let k = g - -21. Suppose 0 = -3*t + 13 + k. Calculate the greatest common factor of 54 and t.
6
Let l be ((-402)/18)/(3/(-297)) - 1. What is the greatest common factor of 85 and l?
85
Suppose b = 5*b + 32. Let l(h) = -2*h**2 - 21*h - 10. Let v be l(b). What is the greatest common factor of v and 6?
6
Let q(p) = 4*p + 27. Let k be q(-6). Let w = 8 + -2. Suppose w*o + 5*v = 3*o + 345, 0 = -v - k. What is the highest common factor of o and 48?
24
Let z(o) = -2*o + 2. Let l(i) = -i**3 - 3*i**2 - 6*i - 3. Let k be l(-2). Suppose 8*u = k*u - 6. Let v be z(u). What is the greatest common factor of 2 and v?
2
Let c(y) = y**2 + 2*y - 2. Let p be c(3). What is the greatest common divisor of 65 and p?
13
Let m(z) = 39*z - 23. Let b be m(5). Let g = -167 + b. Let h = 54 + -19. What is the greatest common divisor of g and h?
5
Let h(s) = -s**3 + 24*s**2 + 2*s - 39. Let y be h(24). Calculate the greatest common divisor of 423 and y.
9
Let c = -33 + 82. Suppose -5*j + c = -4*j. What is the greatest common divisor of j and 7?
7
Suppose -r = 3*n - 105, -5*r + 3*n = -0*n - 453. Suppose 5*k - 105 = -5*s, -4*k + r = -0*s + s. Calculate the greatest common factor of 12 and k.
12
Suppose 0*u + 768 = 3*u. What is the greatest common divisor of 8 and u?
8
Suppose 0 = 363*k - 369*k + 462. Calculate the highest common factor of 55 and k.
11
Let d(m) = -m**3 - 4*m**2 - 5*m + 2. Let g be d(-4). Suppose -144 = -f - 5*i, 5*i = 2*f - 5*f + 452. Calculate the greatest common divisor of g and f.
22
Let y = -4 + 9. Suppose 4 = q - y*k - 7, -3*q + 5*k + 53 = 0. Calculate the greatest common factor of 14 and q.
7
Suppose -9*p + 14*p = 15. Let f be (-63)/(2 + (-9)/p). Suppose 0 = 5*k - 2*r - 27, -r = -4*k - 5*r + 44. Calculate the greatest common factor of f and k.
7
Suppose 0 = -6*w + 11*w + 40. Let f = w + 23. Calculate the greatest common factor of f and 5.
5
Let a be (-6)/(-14) + ((-11952)/42)/(-8). Calculate the highest common divisor of 576 and a.
36
Suppose 4*a = 0, -5*a + 3*a = -3*b + 15. Suppose 0 = -4*p + 2*d + 31 - 9, b*p - 11 = -3*d. Calculate the highest common divisor of p and 20.
4
Let q(p) = p**3 - p**2 + 3. Let u be q(0). Let s be 1 + -6 + u + 32. What is the greatest common factor of 6 and s?
6
Let q be (-18)/132*-11*(-24)/(-1). Let v be 1442/5 - 6/15. Calculate the greatest common factor of v and q.
36
Let s be 131/6 - 3/(-18). Let o be (-14)/(-21) - s/(-3). Suppose o = w - 4. Calculate the greatest common factor of 12 and w.
12
Suppose 0 = -4*o + o + 42. Let y = 79 + -53. Suppose 2*q - 91 = -v + y, -2*q - 4*v + 132 = 0. Calculate the highest common divisor of q and o.
14
Let l be (99 - 5) + (-6)/(-2)*2. What is the greatest common factor of 360 and l?
20
Let t(u) = 2*u**2 - 42*u - 96. Let b be t(25). Calculate the greatest common fa